{"id":1660,"date":"2023-08-17T14:44:57","date_gmt":"2023-08-17T19:44:57","guid":{"rendered":"https:\/\/habitan-t.com\/?post_type=product&#038;p=1660"},"modified":"2023-09-11T12:10:28","modified_gmt":"2023-09-11T17:10:28","slug":"camara-turbo-2mpx-cv","status":"publish","type":"product","link":"https:\/\/habitan-t.com\/index.php\/producto\/camara-turbo-2mpx-cv\/","title":{"rendered":"CAMARA TURBO 2MPX-CV"},"content":{"rendered":"<p>C\u00c1MARA ANALOGA (Resoluci\u00f3n 1080)<\/p>\n<ul>\n<li>COLOR DE D\u00cdA Y NOCHE (COLOR VU)<\/li>\n<li>CERTIFICACI\u00d3N IP67 PARA USO EXTERIOR<\/li>\n<li>20 METROS IR EXIR<\/li>\n<li>FABRICADO EN METAL<\/li>\n<\/ul>\n<div style='text-align:center' class='yasr-auto-insert-visitor'><\/div>","protected":false},"excerpt":{"rendered":"<p>C\u00c1MARA ANALOGA (Resoluci\u00f3n 1080)<\/p>\n<ul>\n<li>COLOR DE D\u00cdA Y NOCHE (COLOR VU)<\/li>\n<li>CERTIFICACI\u00d3N IP67 PARA USO EXTERIOR<\/li>\n<li>20 METROS IR EXIR<\/li>\n<li>FABRICADO EN METAL<\/li>\n<\/ul>\n","protected":false},"featured_media":1661,"comment_status":"open","ping_status":"closed","template":"","meta":{"_uag_custom_page_level_css":"","site-sidebar-layout":"default","site-content-layout":"default","ast-site-content-layout":"default","site-content-style":"default","site-sidebar-style":"default","ast-global-header-display":"","ast-banner-title-visibility":"","ast-main-header-display":"","ast-hfb-above-header-display":"","ast-hfb-below-header-display":"","ast-hfb-mobile-header-display":"","site-post-title":"","ast-breadcrumbs-content":"","ast-featured-img":"","footer-sml-layout":"","theme-transparent-header-meta":"default","adv-header-id-meta":"","stick-header-meta":"","header-above-stick-meta":"","header-main-stick-meta":"","header-below-stick-meta":"","astra-migrate-meta-layouts":"set","yasr_overall_rating":0,"yasr_post_is_review":"","yasr_auto_insert_disabled":"","yasr_review_type":""},"product_cat":[66,65],"product_tag":[],"yasr_visitor_votes":{"stars_attributes":{"read_only":false,"span_bottom":false},"number_of_votes":0,"sum_votes":0},"uagb_featured_image_src":{"full":["https:\/\/habitan-t.com\/wp-content\/uploads\/2023\/08\/CAMARA-TURBO-2MPX-CV.png",606,585,false],"thumbnail":["https:\/\/habitan-t.com\/wp-content\/uploads\/2023\/08\/CAMARA-TURBO-2MPX-CV-150x150.png",150,150,true],"medium":["https:\/\/habitan-t.com\/wp-content\/uploads\/2023\/08\/CAMARA-TURBO-2MPX-CV-300x290.png",300,290,true],"medium_large":["https:\/\/habitan-t.com\/wp-content\/uploads\/2023\/08\/CAMARA-TURBO-2MPX-CV.png",606,585,false],"large":["https:\/\/habitan-t.com\/wp-content\/uploads\/2023\/08\/CAMARA-TURBO-2MPX-CV.png",606,585,false],"1536x1536":["https:\/\/habitan-t.com\/wp-content\/uploads\/2023\/08\/CAMARA-TURBO-2MPX-CV.png",606,585,false],"2048x2048":["https:\/\/habitan-t.com\/wp-content\/uploads\/2023\/08\/CAMARA-TURBO-2MPX-CV.png",606,585,false],"mailpoet_newsletter_max":["https:\/\/habitan-t.com\/wp-content\/uploads\/2023\/08\/CAMARA-TURBO-2MPX-CV.png",606,585,false],"woocommerce_thumbnail":["https:\/\/habitan-t.com\/wp-content\/uploads\/2023\/08\/CAMARA-TURBO-2MPX-CV-300x300.png",300,300,true],"woocommerce_single":["https:\/\/habitan-t.com\/wp-content\/uploads\/2023\/08\/CAMARA-TURBO-2MPX-CV-600x579.png",600,579,true],"woocommerce_gallery_thumbnail":["https:\/\/habitan-t.com\/wp-content\/uploads\/2023\/08\/CAMARA-TURBO-2MPX-CV-100x100.png",100,100,true]},"uagb_author_info":{"display_name":"gintec.development","author_link":"https:\/\/habitan-t.com\/index.php\/author\/"},"uagb_comment_info":0,"uagb_excerpt":"C\u00c1MARA ANALOGA (Resoluci\u00f3n 1080) COLOR DE D\u00cdA Y NOCHE (COLOR VU) CERTIFICACI\u00d3N IP67 PARA USO EXTERIOR 20 METROS IR EXIR FABRICADO EN METAL","_links":{"self":[{"href":"https:\/\/habitan-t.com\/index.php\/wp-json\/wp\/v2\/product\/1660"}],"collection":[{"href":"https:\/\/habitan-t.com\/index.php\/wp-json\/wp\/v2\/product"}],"about":[{"href":"https:\/\/habitan-t.com\/index.php\/wp-json\/wp\/v2\/types\/product"}],"replies":[{"embeddable":true,"href":"https:\/\/habitan-t.com\/index.php\/wp-json\/wp\/v2\/comments?post=1660"}],"version-history":[{"count":1,"href":"https:\/\/habitan-t.com\/index.php\/wp-json\/wp\/v2\/product\/1660\/revisions"}],"predecessor-version":[{"id":1662,"href":"https:\/\/habitan-t.com\/index.php\/wp-json\/wp\/v2\/product\/1660\/revisions\/1662"}],"wp:featuredmedia":[{"embeddable":true,"href":"https:\/\/habitan-t.com\/index.php\/wp-json\/wp\/v2\/media\/1661"}],"wp:attachment":[{"href":"https:\/\/habitan-t.com\/index.php\/wp-json\/wp\/v2\/media?parent=1660"}],"wp:term":[{"taxonomy":"product_cat","embeddable":true,"href":"https:\/\/habitan-t.com\/index.php\/wp-json\/wp\/v2\/product_cat?post=1660"},{"taxonomy":"product_tag","embeddable":true,"href":"https:\/\/habitan-t.com\/index.php\/wp-json\/wp\/v2\/product_tag?post=1660"}],"curies":[{"name":"wp","href":"https:\/\/api.w.org\/{rel}","templated":true}]}}