{"id":1277,"date":"2023-07-14T14:40:08","date_gmt":"2023-07-14T19:40:08","guid":{"rendered":"https:\/\/habitan-t.com\/?post_type=product&#038;p=1277"},"modified":"2025-05-04T16:21:30","modified_gmt":"2025-05-04T22:21:30","slug":"fisheye-ip-4-megapixel-panoramica-180-360-exterior-ip67-ik10-poe-multiples-vistas-por-ivms-4200","status":"publish","type":"product","link":"https:\/\/habitan-t.com\/index.php\/producto\/fisheye-ip-4-megapixel-panoramica-180-360-exterior-ip67-ik10-poe-multiples-vistas-por-ivms-4200\/","title":{"rendered":"FISHEYE IP 4 MEGAPIXEL"},"content":{"rendered":"<p>C\u00c1MARA IP VISI\u00d3N 180\u00b0-360\u00b0 (Resoluci\u00f3n 2k)<\/p>\n<ul>\n<li>OFRECE MULTIPLES VISTAS Y SEGMENTACI\u00d3N<\/li>\n<li>CERTIFICACI\u00d3N IP67 PARA USO EXTERIOR<\/li>\n<li>S E G U R I D A D E N E L H O G A R Y E N T U E M<\/li>\n<li>P R E S A<\/li>\n<li>P E R S O N A L I Z A T U P R O Y E C T O C C V T<\/li>\n<li>SON CONTROLABLES DESDE TU CELULAR<\/li>\n<li>COMPATIBLE CON NVR Y DVR CON CANALES IP<\/li>\n<\/ul>\n<div style='text-align:center' class='yasr-auto-insert-visitor'><\/div>","protected":false},"excerpt":{"rendered":"<p>C\u00c1MARA IP VISI\u00d3N 180\u00b0-360\u00b0 (Resoluci\u00f3n 2k)<\/p>\n<ul>\n<li>OFRECE MULTIPLES VISTAS Y SEGMENTACI\u00d3N<\/li>\n<li>CERTIFICACI\u00d3N IP67 PARA USO EXTERIOR<\/li>\n<li>S E G U R I D A D E N E L H O G A R Y E N T U E M<\/li>\n<li>P R E S A<\/li>\n<li>P E R S O N A L I Z A T U P R O Y E C T O C C V T<\/li>\n<li>SON CONTROLABLES DESDE TU CELULAR<\/li>\n<li>COMPATIBLE CON NVR Y DVR CON CANALES IP<\/li>\n<\/ul>\n","protected":false},"featured_media":1279,"comment_status":"open","ping_status":"closed","template":"","meta":{"_uag_custom_page_level_css":"","site-sidebar-layout":"default","site-content-layout":"default","ast-site-content-layout":"default","site-content-style":"default","site-sidebar-style":"default","ast-global-header-display":"","ast-banner-title-visibility":"","ast-main-header-display":"","ast-hfb-above-header-display":"","ast-hfb-below-header-display":"","ast-hfb-mobile-header-display":"","site-post-title":"","ast-breadcrumbs-content":"","ast-featured-img":"","footer-sml-layout":"","theme-transparent-header-meta":"default","adv-header-id-meta":"","stick-header-meta":"","header-above-stick-meta":"","header-main-stick-meta":"","header-below-stick-meta":"","astra-migrate-meta-layouts":"set","yasr_overall_rating":0,"yasr_post_is_review":"","yasr_auto_insert_disabled":"","yasr_review_type":""},"product_cat":[66,65],"product_tag":[24,25],"yasr_visitor_votes":{"stars_attributes":{"read_only":false,"span_bottom":false},"number_of_votes":0,"sum_votes":0},"uagb_featured_image_src":{"full":["https:\/\/habitan-t.com\/wp-content\/uploads\/2023\/07\/2.1.png",1000,1000,false],"thumbnail":["https:\/\/habitan-t.com\/wp-content\/uploads\/2023\/07\/2.1-150x150.png",150,150,true],"medium":["https:\/\/habitan-t.com\/wp-content\/uploads\/2023\/07\/2.1-300x300.png",300,300,true],"medium_large":["https:\/\/habitan-t.com\/wp-content\/uploads\/2023\/07\/2.1-768x768.png",768,768,true],"large":["https:\/\/habitan-t.com\/wp-content\/uploads\/2023\/07\/2.1.png",1000,1000,false],"1536x1536":["https:\/\/habitan-t.com\/wp-content\/uploads\/2023\/07\/2.1.png",1000,1000,false],"2048x2048":["https:\/\/habitan-t.com\/wp-content\/uploads\/2023\/07\/2.1.png",1000,1000,false],"mailpoet_newsletter_max":["https:\/\/habitan-t.com\/wp-content\/uploads\/2023\/07\/2.1.png",1000,1000,false],"woocommerce_thumbnail":["https:\/\/habitan-t.com\/wp-content\/uploads\/2023\/07\/2.1-300x300.png",300,300,true],"woocommerce_single":["https:\/\/habitan-t.com\/wp-content\/uploads\/2023\/07\/2.1-600x600.png",600,600,true],"woocommerce_gallery_thumbnail":["https:\/\/habitan-t.com\/wp-content\/uploads\/2023\/07\/2.1-100x100.png",100,100,true]},"uagb_author_info":{"display_name":"gintec.development","author_link":"https:\/\/habitan-t.com\/index.php\/author\/"},"uagb_comment_info":2,"uagb_excerpt":"C\u00c1MARA IP VISI\u00d3N 180\u00b0-360\u00b0 (Resoluci\u00f3n 2k) OFRECE MULTIPLES VISTAS Y SEGMENTACI\u00d3N CERTIFICACI\u00d3N IP67 PARA USO EXTERIOR S E G U R I D A D E N E L H O G A R Y E N T U E M P R E S A P E R S O N A L I&hellip;","_links":{"self":[{"href":"https:\/\/habitan-t.com\/index.php\/wp-json\/wp\/v2\/product\/1277"}],"collection":[{"href":"https:\/\/habitan-t.com\/index.php\/wp-json\/wp\/v2\/product"}],"about":[{"href":"https:\/\/habitan-t.com\/index.php\/wp-json\/wp\/v2\/types\/product"}],"replies":[{"embeddable":true,"href":"https:\/\/habitan-t.com\/index.php\/wp-json\/wp\/v2\/comments?post=1277"}],"version-history":[{"count":3,"href":"https:\/\/habitan-t.com\/index.php\/wp-json\/wp\/v2\/product\/1277\/revisions"}],"predecessor-version":[{"id":1605,"href":"https:\/\/habitan-t.com\/index.php\/wp-json\/wp\/v2\/product\/1277\/revisions\/1605"}],"wp:featuredmedia":[{"embeddable":true,"href":"https:\/\/habitan-t.com\/index.php\/wp-json\/wp\/v2\/media\/1279"}],"wp:attachment":[{"href":"https:\/\/habitan-t.com\/index.php\/wp-json\/wp\/v2\/media?parent=1277"}],"wp:term":[{"taxonomy":"product_cat","embeddable":true,"href":"https:\/\/habitan-t.com\/index.php\/wp-json\/wp\/v2\/product_cat?post=1277"},{"taxonomy":"product_tag","embeddable":true,"href":"https:\/\/habitan-t.com\/index.php\/wp-json\/wp\/v2\/product_tag?post=1277"}],"curies":[{"name":"wp","href":"https:\/\/api.w.org\/{rel}","templated":true}]}}